. Let w = 9 + 4. Calculate the highest common divisor of u and w.
13
Suppose 15*f - 38*f + 10672 = 0. Calculate the greatest common divisor of f and 174.
58
Suppose 626*r - 819 = 619*r. Calculate the greatest common factor of r and 9.
9
Let b(z) = z**2 + 9*z + 25. Let n(c) = -c**2 - 9*c - 26. Let k(v) = 5*b(v) + 4*n(v). Let u be k(-9). What is the highest common factor of 7 and u?
7
Let i(g) = g**3 - 7*g**2 - 9*g - 25. Let k be i(9). What is the greatest common divisor of 14 and k?
14
Suppose -3*w + 6*w - 351 = 0. Suppose -37 = -3*k + 62. Let x = 46 - k. What is the greatest common divisor of x and w?
13
Suppose -11 + 26 = m. Suppose -5*n = -t - 3, 7*n - 2*n = -5*t + 15. Let d be 124/8 + t/(-4). Calculate the highest common factor of m and d.
15
Suppose 3*i = -3*y - 6, 5*i + 2*y - 5 = -0*y. Suppose -i*x + 0*x = 3*h, -4 = x + 2*h. What is the highest common divisor of x and 92?
4
Let s(q) = -q**3 - 4*q**2 - 2*q + 4. Let p be s(-4). Suppose 0 = -5*j + p - 2. Suppose -j = 3*z - 26. Calculate the greatest common factor of z and 2.
2
Let b be (20/8 - 6)*(-48)/14. Let v = 0 - -4. Calculate the greatest common factor of v and b.
4
Suppose 2*c = 6*c - 12, -505 = -5*o + 5*c. Let s be 62/4*(-1 + 3). Suppose 0 = -5*p + s + 34. Calculate the greatest common factor of o and p.
13
Suppose 142 = -4*o + 6*o + 2*x, -239 = -4*o + 5*x. Calculate the greatest common factor of 24 and o.
6
Let u = -68 - -76. Suppose -2*l = 2*d - 14, -3*d - 19 = -5*d + 3*l. What is the highest common divisor of d and u?
8
Suppose -2*p + 7 = -3*m, 0*p + 2*p = -m + 3. Suppose 2*l = 2*c - l - 177, -p*c - l + 181 = 0. What is the greatest common factor of c and 10?
10
Let b(c) = 2*c + 29 + 24 - 5 + 4. Let i be b(-11). Calculate the highest common factor of i and 20.
10
Let a(i) = i**2 + 7. Let l be a(0). Suppose 5*t - 8*t + 36 = 0. Let x = t - 5. What is the highest common divisor of x and l?
7
Let a = 47 - 35. Suppose -1 + 49 = 3*d + 3*n, -4*d - 3*n + 64 = 0. Let q be 0 + d/a*6. Calculate the highest common factor of q and 2.
2
Let p(r) = r + 13. Let k be p(-9). Let w be 52/39*78/k. Let d(i) = 8*i**3 - i**2 + 4*i - 3. Let f be d(2). Calculate the highest common factor of f and w.
13
Let i(w) = -w + 17. Let k be i(12). Suppose k*a - 82 - 43 = 0. Let t = a + 9. Calculate the highest common factor of 17 and t.
17
Suppose -25 = -4*w - 2*y + 31, -40 = -5*w + 5*y. Calculate the highest common factor of 114 and w.
6
Let y be ((-531)/(-236) - (-1)/(-4))*403. Calculate the greatest common divisor of 26 and y.
26
Suppose -4*a + 7*a = u + 20, -3*a + 5*u = -40. Suppose a*x - 39 = 16. What is the greatest common divisor of 44 and x?
11
Let i(s) = 2*s**2 - 78*s + 1. Let p be i(43). What is the greatest common divisor of 276 and p?
69
Let w(o) = -4*o + 259. Let l be w(36). Calculate the greatest common factor of l and 115.
115
Let w(s) = 15*s**2 - 6. Let v be w(-4). What is the highest common factor of 26 and v?
26
Let t be 632/16 - 18/12. Let y be (-574)/(-6) - (-4)/(-6). Calculate the greatest common divisor of y and t.
19
Let r(c) = c**3 - 7*c**2 - c + 192. Let d be r(0). Calculate the greatest common factor of 12 and d.
12
Let u = -22 - -18. Let z be -1 + (u - (-26 - -4)). Calculate the highest common divisor of z and 68.
17
Suppose -32*v = 13*v - 58950. What is the highest common divisor of 10 and v?
10
Let y(i) = i**3 + 2*i + 67. Let l be y(0). Let n = -40 + l. Calculate the highest common factor of n and 36.
9
Let v = -48 + 6. Let a be 393/21 - 12/v. Calculate the greatest common divisor of a and 57.
19
Suppose 4 = 2*l - 30. Suppose -1 + l = -4*d. Let y be (-2)/d - 42/(-4). Calculate the greatest common divisor of y and 88.
11
Let k(u) = 12*u - 63. Let c be k(16). Suppose -3*s + c = m, 0 = 5*m - 5*s + 50 - 615. Calculate the greatest common divisor of m and 13.
13
Let l be (-435)/(-9)*30/25. What is the highest common factor of l and 2378?
58
Suppose -85*c = -84*c - 24. Let a = -6 + 6. Suppose -i - i + 16 = a. Calculate the highest common divisor of c and i.
8
Let c(o) = -4*o**3 - o**2 + 7*o + 13. Let l be c(-4). What is the greatest common divisor of 63 and l?
9
Let q be 750/9 + 4/6. Let b be (-4810)/(-111) - (-8)/(-6). What is the greatest common factor of b and q?
42
Suppose -15*l - 547 = -2662. What is the greatest common divisor of 21 and l?
3
Let w be (-9 - -13 - -766) + 6/(-3). What is the greatest common divisor of w and 16?
16
Suppose -5*z + 22 = -28. Suppose 14 = 2*u - 2. Let j = z - u. What is the greatest common divisor of 16 and j?
2
Let y = 80 - 56. Suppose -2*d = 2*d - 144. Calculate the greatest common factor of d and y.
12
Suppose 3*q - 540 = -3*w, -61 = 5*w - 41. What is the greatest common factor of 24 and q?
8
Let q be (-14908)/(-36) - (-4 - 222/(-54)). Calculate the greatest common factor of 23 and q.
23
Let x = 6 + -1. Suppose 0*g + g - 86 = -x*v, -2*g = -4*v - 144. Let f = 108 - g. What is the greatest common factor of f and 4?
4
Let s = -5 - -11. Let z(j) = 10*j - 3 - j + 10*j - s. Let o be z(8). What is the greatest common divisor of 13 and o?
13
Let q be (-1 - 1)/((-6)/12). Suppose -2*k + 336 = q*k. Suppose -5*m - 2*y + y = -104, 2*m + 4*y - k = 0. Calculate the greatest common factor of m and 100.
20
Suppose 0*v + 2*v = 8. Let h = 38 + -36. Let o be (-5)/(h/(-8) - 0). Calculate the greatest common divisor of v and o.
4
Let v = -26 + 114. Let m(q) = 2*q**2 - 8*q - 2. Let u be m(6). Calculate the highest common factor of v and u.
22
Suppose -s = 43 + 2. Let y = -27 - s. Let k be 8*3/(y/3). Calculate the greatest common factor of 8 and k.
4
Let r(a) = -a**3 - a**2 - 1. Let c = -2 + 0. Let p be r(c). Suppose 5*t - x = 57, -p*x - 2 = 4*t - 40. Calculate the highest common factor of t and 11.
11
Let j = -60 - -93. Suppose 5*u - 19 = -4*g, -4*g - 2*u - 819 = -853. Calculate the greatest common divisor of j and g.
11
Let m(l) = 4*l**2 - 23. Let j be m(-6). Suppose -x - 22 = -3*x. What is the highest common divisor of j and x?
11
Suppose -4*g + 83 = -5*t, -4*g = -g + 4*t - 39. Suppose 29 = 2*i - y, -3*i + 2*y + 71 = 6*y. Calculate the highest common factor of g and i.
17
Let c(z) = 8*z**2 + 6*z + 6. Let r(h) = h**3 - h**2 - 3*h. Let w be r(3). Let p = w + -13. Let i be c(p). Calculate the greatest common divisor of 10 and i.
10
Let y be (-4)/(-22) + 24156/242. Let k = 25 + 0. What is the highest common divisor of y and k?
25
Suppose 7*n + 13 + 8 = 0. Let d(s) = 4*s**2 - 2*s - 1. Let a be d(n). Calculate the greatest common factor of a and 41.
41
Let m(u) = -u**3 + 21*u**2 + 69*u + 128. Let y be m(24). Let s(v) = v**2 - 4*v + 2. Let c be s(6). Calculate the highest common divisor of y and c.
14
Let b be (4/3)/(-2 - (-88)/42). Calculate the greatest common divisor of b and 154.
14
Let s(t) = 2*t**2 - 46*t + 20. Let d be s(23). What is the greatest common divisor of d and 10?
10
Let m be ((-3)/2)/((-1)/(-2)). Let v be (-67)/m + (-4)/12. Suppose -5*t + 281 = -2*d, 13*d = 2*t + 18*d - 95. What is the greatest common divisor of t and v?
11
Let d be (226 + -225)*(1185 + 0). Calculate the greatest common divisor of d and 30.
15
Suppose -316 = -5*h + 2*c, 174 = 3*h + 2*c + 2*c. Calculate the greatest common factor of 124 and h.
62
Suppose 0 = 5*u + 3 - 13. Let n be (-3 - 27)*(-1)/u. Calculate the greatest common divisor of 15 and n.
15
Let m = 41 - 55. Let h be 330/35 + (-8)/m. What is the highest common factor of h and 160?
10
Suppose -w + 331 = -19*m + 21*m, -m + 1664 = 5*w. Calculate the highest common divisor of w and 9.
9
Suppose 4*j + 16 = s + 6*j, 0 = 4*s + 3*j - 44. Suppose -91*y + 664 = -8*y. Calculate the highest common divisor of s and y.
8
Let t be 1452/((-12)/(-1))*4. What is the greatest common divisor of 22 and t?
22
Let o be 101/11 - 16/88. Suppose 2*r + o = -5. Let k be (-8 - r)/(1/(-15)). What is the highest common divisor of k and 45?
15
Suppose -2*g - 10 = 4*l, 0 = -6*l + l - 4*g - 20. Suppose 35*k - 34*k - 28 = l. Calculate the highest common divisor of k and 308.
28
Suppose 6*p - 2*p - 3*r = 52, -3*p = -r - 34. Let f = p + -11. Let c be (-1)/(325/(-320) - f). Calculate the greatest common divisor of c and 8.
8
Let n be (-3)/2*(-50)/30*420. What is the highest common factor of n and 35?
35
Let c(i) be the third derivative of -i**4/24 + 17*i**3/3 + 28*i**2. Le